 factor of 8756 and 44.
44
What is the greatest common factor of 580 and 116?
116
Calculate the highest common divisor of 10 and 222.
2
Calculate the greatest common factor of 80 and 200.
40
Calculate the greatest common divisor of 364 and 676.
52
Calculate the greatest common divisor of 629 and 17.
17
Calculate the highest common factor of 132 and 144.
12
What is the greatest common factor of 256 and 4?
4
Calculate the highest common divisor of 210 and 1530.
30
What is the greatest common divisor of 29 and 2813?
29
What is the greatest common divisor of 57 and 4389?
57
Calculate the greatest common divisor of 16 and 2136.
8
Calculate the greatest common factor of 150 and 100.
50
What is the greatest common divisor of 13762 and 28?
14
What is the highest common factor of 99 and 144?
9
What is the highest common divisor of 223 and 25199?
223
Calculate the highest common factor of 39 and 559.
13
What is the highest common divisor of 124 and 62?
62
What is the greatest common factor of 3995 and 47?
47
Calculate the highest common divisor of 34 and 34.
34
What is the highest common divisor of 42 and 846?
6
What is the greatest common factor of 21 and 1029?
21
Calculate the highest common factor of 376 and 235.
47
What is the greatest common divisor of 162 and 108?
54
Calculate the greatest common factor of 258 and 660.
6
What is the greatest common divisor of 4 and 100?
4
What is the greatest common factor of 96 and 1280?
32
Calculate the highest common divisor of 118 and 7139.
59
Calculate the greatest common divisor of 90 and 225.
45
Calculate the greatest common divisor of 54 and 288.
18
Calculate the highest common factor of 352 and 22.
22
What is the highest common divisor of 146 and 73?
73
Calculate the highest common divisor of 8292 and 48.
12
What is the highest common divisor of 273 and 1794?
39
What is the highest common divisor of 105 and 2555?
35
What is the highest common divisor of 1290 and 559?
43
Calculate the greatest common divisor of 17 and 867.
17
Calculate the highest common factor of 2090 and 627.
209
What is the highest common divisor of 280 and 128?
8
What is the highest common factor of 1477 and 7?
7
What is the highest common factor of 35768 and 408?
136
Calculate the greatest common factor of 30 and 3135.
15
Calculate the highest common divisor of 99 and 9.
9
Calculate the highest common factor of 5 and 9.
1
What is the greatest common factor of 48 and 684?
12
Calculate the highest common divisor of 168 and 777.
21
What is the highest common divisor of 267 and 6?
3
Calculate the greatest common factor of 1095 and 5037.
219
What is the highest common divisor of 186 and 6?
6
Calculate the highest common divisor of 195 and 2769.
39
Calculate the greatest common factor of 1322 and 6.
2
What is the greatest common divisor of 18 and 1341?
9
Calculate the highest common factor of 144 and 608.
16
What is the greatest common factor of 26 and 29042?
26
Calculate the highest common factor of 23 and 115.
23
What is the greatest common divisor of 308 and 132?
44
Calculate the highest common divisor of 56 and 812.
28
Calculate the greatest common factor of 18 and 42.
6
What is the highest common divisor of 258 and 12?
6
What is the highest common factor of 3944 and 1160?
232
What is the greatest common divisor of 429 and 13?
13
What is the greatest common divisor of 350 and 14?
14
Calculate the greatest common divisor of 10 and 370.
10
What is the highest common factor of 7 and 10577?
7
What is the highest common factor of 6 and 1146?
6
Calculate the highest common divisor of 15 and 660.
15
Calculate the highest common factor of 2439 and 9.
9
What is the highest common divisor of 24 and 84?
12
What is the greatest common divisor of 48 and 24?
24
What is the highest common divisor of 52 and 2184?
52
Calculate the highest common divisor of 9 and 5463.
9
Calculate the greatest common divisor of 204 and 153.
51
Calculate the greatest common factor of 16 and 4.
4
Calculate the greatest common factor of 42 and 2506.
14
What is the highest common factor of 76 and 494?
38
Calculate the greatest common factor of 10 and 30.
10
What is the highest common divisor of 38 and 10?
2
Calculate the greatest common factor of 1581 and 357.
51
What is the highest common factor of 161 and 46?
23
What is the greatest common divisor of 22 and 144?
2
What is the highest common divisor of 6003 and 522?
261
What is the highest common divisor of 609 and 1479?
87
What is the highest common divisor of 1786 and 141?
47
Calculate the highest common divisor of 58 and 377.
29
Calculate the highest common divisor of 234 and 36.
18
Calculate the highest common divisor of 2442 and 66.
66
Calculate the greatest common factor of 15 and 105.
15
Calculate the greatest common factor of 532 and 56.
28
What is the greatest common factor of 68 and 2482?
34
Calculate the greatest common divisor of 529 and 46.
23
What is the greatest common divisor of 39 and 13?
13
Calculate the highest common factor of 14 and 13958.
14
What is the highest common factor of 320 and 60?
20
What is the highest common divisor of 6704 and 16?
16
Calculate the highest common divisor of 1230 and 190.
10
Calculate the greatest common factor of 1157 and 13.
13
What is the highest common factor of 600 and 760?
40
Calculate the greatest common divisor of 56 and 854.
14
Calculate the highest common divisor of 156 and 4308.
12
Calculate the greatest common factor of 43 and 688.
43
What is the highest common factor of 1536 and 24?
24
What is the greatest common divisor of 27 and 24?
3
Calculate the highest common factor of 1081 and 138.
23
What is the highest common factor of 74 and 4551?
37
What is the greatest common divisor of 8478 and 378?
54
Calculate the greatest common factor of 2470 and 95.
95
Calculate the highest common factor of 360 and 2592.
72
What is the greatest common divisor of 60 and 860?
20
What is the highest common divisor of 118 and 7552?
118
What is the greatest common divisor of 260 and 52?
52
What is the highest common divisor of 120 and 70?
10
Calculate the greatest common divisor of 192 and 20928.
192
Calculate the greatest common divisor of 416 and 288.
32
Calculate the greatest common divisor of 165 and 99.
33
Calculate the greatest common divisor of 28 and 602.
14
Calculate the greatest common factor of 2520 and 28.
28
Calculate the greatest common divisor of 77 and 112.
7
What is the greatest common factor of 560 and 80?
80
Calculate the greatest common factor of 21 and 47544.
21
What is the highest common divisor of 7810 and 11?
11
Calculate the highest common factor of 8 and 3688.
8
Calculate the highest common factor of 11 and 93907.
11
What is the highest common factor of 4260 and 180?
60
What is the highest common divisor of 66 and 4224?
66
Calculate the highest common factor of 4 and 6.
2
Calculate the greatest common factor of 38912 and 152.
152
Calculate the greatest common factor of 15 and 2570.
5
Calculate the highest common factor of 49 and 588.
49
Calculate the highest common factor of 873 and 99.
9
What is the highest common divisor of 22194 and 137?
137
What is the highest common divisor of 171 and 9?
9
Calculate the greatest common divisor of 76 and 12.
4
What is the highest common factor of 6191 and 328?
41
What is the greatest common factor of 44 and 374?
22
Calculate the highest common factor of 70 and 63.
7
What is the highest common divisor of 489 and 3?
3
Calculate the highest common divisor of 29252 and 103.
103
Calculate the highest common divisor of 6130 and 10.
10
What is the greatest common factor of 711 and 79?
79
What is the greatest common divisor of 61 and 61?
61
What is the greatest common factor of 80 and 144?
16
What is the highest common divisor of 44 and 4?
4
Calculate the highest common divisor of 62 and 713.
31
What is the highest common factor of 494 and 722?
38
Calculate the greatest common factor of 434 and 62.
62
Calculate the greatest common factor of 21 and 18.
3
What is the highest common divisor of 4366 and 74?
74
Calculate the greatest common divisor of 246 and 5494.
82
What is the greatest common divisor of 232 and 8?
8
What is the highest common factor of 4428 and 216?
108
What is the greatest common factor of 72 and 49716?
36
C